is divided by 1299.
1101
What is the remainder when 49044 is divided by 72?
12
What is the remainder when 712211 is divided by 735?
731
What is the remainder when 60643 is divided by 30321?
1
Calculate the remainder when 380 is divided by 360.
20
Calculate the remainder when 18407 is divided by 3348.
1667
What is the remainder when 4152748 is divided by 2076370?
8
What is the remainder when 40206 is divided by 112?
110
What is the remainder when 4054 is divided by 440?
94
Calculate the remainder when 10251 is divided by 539.
10
Calculate the remainder when 4678 is divided by 182.
128
Calculate the remainder when 2464 is divided by 15.
4
What is the remainder when 42682 is divided by 762?
10
What is the remainder when 666 is divided by 506?
160
Calculate the remainder when 45311 is divided by 148.
23
Calculate the remainder when 37951 is divided by 16.
15
What is the remainder when 679542 is divided by 36?
6
Calculate the remainder when 1542 is divided by 25.
17
What is the remainder when 11119 is divided by 463?
7
What is the remainder when 671 is divided by 120?
71
Calculate the remainder when 100737 is divided by 146.
143
What is the remainder when 3424 is divided by 1086?
166
What is the remainder when 100749 is divided by 1158?
3
Calculate the remainder when 19042 is divided by 334.
4
Calculate the remainder when 2056383 is divided by 68546.
3
What is the remainder when 8023 is divided by 365?
358
Calculate the remainder when 11625 is divided by 2870.
145
Calculate the remainder when 40670 is divided by 656.
654
Calculate the remainder when 4140 is divided by 101.
100
Calculate the remainder when 55050 is divided by 222.
216
Calculate the remainder when 489704 is divided by 265.
249
Calculate the remainder when 2231 is divided by 98.
75
What is the remainder when 740496 is divided by 92?
80
What is the remainder when 11836 is divided by 3700?
736
What is the remainder when 27776 is divided by 336?
224
Calculate the remainder when 26766 is divided by 2674.
26
What is the remainder when 52550 is divided by 6562?
54
Calculate the remainder when 3457 is divided by 859.
21
Calculate the remainder when 4634 is divided by 222.
194
Calculate the remainder when 87712 is divided by 29189.
145
What is the remainder when 59069 is divided by 532?
17
What is the remainder when 100376 is divided by 150?
26
What is the remainder when 95768 is divided by 47882?
4
Calculate the remainder when 1687700 is divided by 127.
124
What is the remainder when 6927 is divided by 1649?
331
What is the remainder when 18034 is divided by 1636?
38
What is the remainder when 121682 is divided by 1448?
50
What is the remainder when 108937 is divided by 51?
1
What is the remainder when 548 is divided by 173?
29
What is the remainder when 2651 is divided by 661?
7
What is the remainder when 52275 is divided by 13061?
31
What is the remainder when 19054 is divided by 628?
214
What is the remainder when 10587 is divided by 529?
7
Calculate the remainder when 436096 is divided by 89.
85
What is the remainder when 37880 is divided by 9470?
0
What is the remainder when 196 is divided by 128?
68
Calculate the remainder when 467889 is divided by 28.
9
What is the remainder when 1233658 is divided by 145?
143
Calculate the remainder when 9114 is divided by 100.
14
What is the remainder when 78582 is divided by 418?
416
Calculate the remainder when 338280 is divided by 17.
14
What is the remainder when 6221 is divided by 1513?
169
What is the remainder when 4739 is divided by 26?
7
What is the remainder when 3454 is divided by 103?
55
What is the remainder when 37196 is divided by 118?
26
Calculate the remainder when 45747 is divided by 69.
0
Calculate the remainder when 16199 is divided by 4023.
107
Calculate the remainder when 25865 is divided by 28.
21
Calculate the remainder when 53954 is divided by 31.
14
What is the remainder when 69103 is divided by 22981?
160
Calculate the remainder when 2418 is divided by 1392.
1026
Calculate the remainder when 540763 is divided by 254.
251
What is the remainder when 8921 is divided by 373?
342
Calculate the remainder when 232824 is divided by 436.
0
Calculate the remainder when 46357 is divided by 51.
49
What is the remainder when 2189 is divided by 221?
200
Calculate the remainder when 563864 is divided by 563855.
9
What is the remainder when 13234 is divided by 1205?
1184
What is the remainder when 32507 is divided by 2321?
13
What is the remainder when 6046 is divided by 5199?
847
Calculate the remainder when 5710 is divided by 113.
60
Calculate the remainder when 5597 is divided by 790.
67
What is the remainder when 2320 is divided by 61?
2
Calculate the remainder when 123256 is divided by 1174.
1160
What is the remainder when 27697 is divided by 44?
21
Calculate the remainder when 1707 is divided by 303.
192
What is the remainder when 5959 is divided by 1939?
142
What is the remainder when 4485 is divided by 60?
45
Calculate the remainder when 5954 is divided by 2678.
598
What is the remainder when 6742 is divided by 127?
11
Calculate the remainder when 80183 is divided by 39.
38
What is the remainder when 1295 is divided by 862?
433
Calculate the remainder when 9267 is divided by 798.
489
What is the remainder when 4562 is divided by 1127?
54
Calculate the remainder when 541164 is divided by 34.
20
What is the remainder when 16981 is divided by 629?
627
What is the remainder when 1427553 is divided by 187?
182
Calculate the remainder when 124778 is divided by 68.
66
Calculate the remainder when 12102 is divided by 89.
87
What is the remainder when 10999 is divided by 549?
19
Calculate the remainder when 54744 is divided by 21.
18
Calculate the remainder when 298 is divided by 285.
13
Calculate the remainder when 2191 is divided by 227.
148
Calculate the remainder when 45774 is divided by 58.
12
What is the remainder when 5251 is divided by 581?
22
Calculate the remainder when 43522 is divided by 1612.
1610
Calculate the remainder when 24643 is divided by 189.
73
What is the remainder when 54405 is divided by 1511?
9
Calculate the remainder when 14588 is divided by 12.
8
Calculate the remainder when 4944 is divided by 2434.
76
Calculate the remainder when 33660 is divided by 4.
0
Calculate the remainder when 5717 is divided by 336.
5
Calculate the remainder when 684594 is divided by 40.
34
Calculate the remainder when 51125 is divided by 44.
41
What is the remainder when 3065 is divided by 114?
101
What is the remainder when 845 is divided by 388?
69
What is the remainder when 12121 is divided by 55?
21
What is the remainder when 3581 is divided by 584?
77
What is the remainder when 84442 is divided by 464?
458
What is the remainder when 3478 is divided by 267?
7
Calculate the remainder when 12065 is divided by 11579.
486
What is the remainder when 13170 is divided by 222?
72
What is the remainder when 66 is divided by 17?
15
What is the remainder when 2825 is divided by 928?
41
What is the remainder when 34157 is divided by 3792?
29
Calculate the remainder when 54255 is divided by 6757.
199
Calculate the remainder when 473277 is divided by 24909.
6
Calculate the remainder when 199044 is divided by 22116.
0
What is the remainder when 6879 is divided by 2048?
735
Calculate the remainder when 690211 is divided by 19.
17
What is the remainder when 33899 is divided by 16938?
23
Calculate the remainder when 176236 is divided by 371.
11
What is the remainder when 28240 is divided by 441?
16
What is the remainder when 355090 is divided by 4?
2
Calculate the remainder when 715723 is divided by 3392.
11
What is the remainder when 27834 is divided by 62?
58
Calculate the remainder when 14444 is divided by 2885.
19
Calculate the remainder when 2807 is divided by 257.
237
Calculate the remainder when 908 is divided by 7.
5
Calculate the remainder when 13081 is divided by 1619.
129
What is the remainder when 8947 is divided by 519?
124
What is the remainder when 13198 is divided by 1005?
133
Calculate the remainder when 296067 is divided by 325.
317
What is the remainder when 93645 is divided by 2530?
35
Calculate the remainder when 21723 is divided by 426.
423
Calculate the remainder when 137943 is divided by 12.
3
What is the remainder when 1